 Give f(n).
-8
Let t(h) = -5*h**2 - 2*h + 4. Let k(y) = y**2 + y. Let w(a) = -4*k(a) - t(a). Let m(f) = -f**2 + 7*f - 7. Let x be m(5). Calculate w(x).
-1
Suppose 4*o - 64 = -4. Suppose 2*m - 25 = -4*l - 5, m - o = -3*l. Let c(s) = -s**3 + 7*s**2 - 7*s - 2. What is c(l)?
13
Let f(p) be the third derivative of -p**5/20 - 7*p**4/8 - p**3 + 2*p**2 - 21. What is f(-7)?
-6
Let b be (-8)/52 - (1 - 41/13). Let n(y) = 6*y**2 + 13*y**b - 14*y**2 + y**3 - y. Calculate n(-5).
5
Suppose -2602*i - 72 = -2593*i. Let u(b) = -b**2 - 9*b - 6. Determine u(i).
2
Let x(v) = 2*v**3 - 2*v**2 - 2*v + 4. Let p(y) = 3*y**3 - 2*y**2 - 2*y + 5. Let u(s) = 4*p(s) - 5*x(s). Give u(-2).
-12
Suppose 214 - 234 = 20*l. Let i(g) = -8*g**2 - 2 + 2 + g. What is i(l)?
-9
Let q(a) = 12*a - 7. Let d be q(2). Let i = -12 + d. Let c(u) = u**3 - 5*u**2 + u - 5. Determine c(i).
0
Let r(k) = k**2 + 4*k - 1. Let z = -7 + 11. Let c(i) = -i + 1. Let n be c(z). Calculate r(n).
-4
Suppose 0 = -w + 14 - 9. Suppose -37 = -w*g - 3*v, 0 = 5*g - 4*v - 13 - 31. Let x(p) = p - 9. Determine x(g).
-1
Let y be -2*((-5)/2 + 1). Let f(d) = -5*d**3 + y*d - 5*d + 3*d + 1. Let l be f(-1). Let s(o) = -o**2 + 5*o - 6. What is s(l)?
-6
Let i(w) = -w**3 + 4*w**2 + w. Let n(b) = 2*b**2 + 4*b + 4. Let t(s) = s**2 - 6*s - 2. Let g be t(6). Let y be n(g). Calculate i(y).
4
Suppose 2*u + 2 = -3*v - 11, 5*v + 23 = -2*u. Let m be u - (4 - 5 - 3). Let w(t) = t - 26 + 26 + m*t. Calculate w(1).
6
Let w(x) be the third derivative of -x**6/120 - x**5/10 - 5*x**4/24 - x**3/2 - x**2 - 370. What is w(-5)?
-3
Suppose -2 = -2*v, 4*a = -2*v + 9 + 1. Suppose 0*b = -a*b + l + 2, 0 = 5*b - 2*l - 4. Let f(g) = 2*g - 3*g + 2*g**2 + b*g**2 + 2. Give f(-2).
12
Suppose -2*c = -4, -2*c - 2 = -2*j + 2. Let b(v) = -1432*v**2 + 1 - 3 + 3*v - 3 - v + 1431*v**2. Calculate b(j).
-13
Let k be ((-2)/(-5))/((-2)/(-30)). Let b(n) be the third derivative of -n**5/60 + n**4/3 - 7*n**3/6 + 4*n**2 - 206*n. What is b(k)?
5
Let s(l) = l. Let n(y) = 2*y - 46. Let c be n(19). What is s(c)?
-8
Let t(a) = a**3 - 7*a**2 - 6. Let i = 17 + -15. Suppose 2*k - 28 = -i*k. What is t(k)?
-6
Let m(h) be the second derivative of h**3/6 + 5*h**2/2 + 2*h - 68. Determine m(-9).
-4
Let m(o) be the first derivative of o**6/180 - o**5/120 - o**4/24 + 52*o**3/3 - 45. Let v(p) be the third derivative of m(p). Give v(2).
5
Let b(s) = s. Let z = 10 + -7. Let m be 22/(-11) - (z - 1). Let i be b(m). Let k(l) = -l**2 - 8*l - 6. Determine k(i).
10
Let r(i) = -2*i**3 - 11*i**2 + 5*i - 5. Let o be r(-6). Let c(z) = -3 + o + z - 1 + 2. What is c(5)?
4
Let k(o) = -o**2 - 9. Let t(n) be the first derivative of -n**3/3 + 6*n**2 - 11*n - 5. Let a be t(11). Calculate k(a).
-9
Let s = -7 + 9. Let d be (2 - 1 - s) + 0. Let q(h) = -7*h - 8. Let u(a) = -6*a - 7. Let c(g) = 5*q(g) - 6*u(g). What is c(d)?
1
Suppose 96 = 16*w - 8*w. Let q(h) = -2*h - 4*h - 1 + 19*h - w*h. Calculate q(1).
0
Let b(r) be the first derivative of r**7/840 - r**6/90 + r**5/40 - r**4/8 - 8*r**3/3 - 10. Let p(h) be the third derivative of b(h). What is p(3)?
-3
Let f(j) = -3 - 2 - 3717*j**2 - 7*j + 3716*j**2. Determine f(-6).
1
Suppose 3*j = 3, -3*w = w + 5*j - 77. Let g(p) = -37 - 3*p + 21 + w. Let q be 2/(2/5 + 0). Give g(q).
-13
Let r(p) = 5*p**2 + 29*p + 11. Let m(b) = 4*b**2 + 25*b + 10. Let d(u) = -7*m(u) + 6*r(u). What is d(-3)?
17
Suppose 0 = -0*f + 2*f - 6. Let x(y) = -y**2 + 3*y - 3. Let r be x(f). Let l(z) = z**3 + 2*z**2 - 2*z + 1. Determine l(r).
-2
Let r be ((-204)/(-14))/2 - 8/28. Suppose 5 - 19 = -r*t. Let y(q) = 2 - 3*q + 3*q - 2*q. Calculate y(t).
-2
Let g(d) be the second derivative of -d**3/3 + 6*d**2 - 2*d - 53. Determine g(-15).
42
Let t(l) = 5*l**3 + 14*l**2 - 2 + 28*l**2 - 41*l**2. Give t(-1).
-6
Let u(s) be the second derivative of 0 - 5/2*s**2 + s - 1/6*s**3. Determine u(-5).
0
Let s(u) be the third derivative of -u**4/12 + 5*u**3/6 + 16*u**2 + 1. Let k = 17 - 24. Determine s(k).
19
Let g(l) = 13*l + 1. Let z(a) = 64*a + 5. Let y(j) = 15*g(j) - 3*z(j). Let q(b) = -2*b - 4. Let r be q(-3). What is y(r)?
6
Let o(f) = 2*f - 1. Let t be o(3). Let z(m) = -4*m**2 - t*m**2 - 3*m + 9*m**2 + 3 - 3*m**2. Suppose 0*v - 3*v - 2*r + 1 = 0, 0 = v + r - 2. Determine z(v).
-15
Let o(u) be the second derivative of -u**4/12 - u**3 - 5*u**2/2 + 2*u. Let k be 2/(-7) - 40/7. Let s be o(k). Let h(d) = -d**3 - 5*d**2 + 6. Give h(s).
6
Let a(u) = -8*u**3 - 1 + 11*u**3 - 3*u**3 + 8*u**3 - u - 3*u**3. Calculate a(-1).
-5
Suppose -f - 32 = -3*f + 5*o, -21 = -f + 5*o. Let u(q) = -q**2 + 13*q - 15. Determine u(f).
7
Let u(y) = 37*y**2 - 11*y**2 - 30 - 12*y**2 - y**3 + 2*y. Let r be u(14). Let l(p) = p. Calculate l(r).
-2
Suppose 1 + 11 = -2*s. Let j be 4 - (-6)/4*-2. Let q(u) = -7 + u - j - 1 - 4*u. Determine q(s).
9
Suppose -2*a = 5*c + 13, -a + 2*c + 5 = -11. Let h(g) be the third derivative of 0 + 0*g - 1/24*g**4 + a*g**2 - 2/3*g**3. Determine h(-2).
-2
Let o = -301 - -310. Let t(p) = p - 8. Give t(o).
1
Let l(z) = -z**2 - 5*z - 2. Let t(u) = -20*u + 112. Let j be t(6). Calculate l(j).
-26
Let g be (5 + -23)*(-1)/(-2). Let p = 18 + -21. Let f = g - p. Let h(j) = -j**3 - 6*j**2. Calculate h(f).
0
Let x(c) = -4*c - 6. Suppose 0 = -15*d + 43 - 13. Give x(d).
-14
Let f = -1210 + 1209. Let v(x) = -9*x**3 + x**2 - x - 1. Determine v(f).
10
Let c(w) = -4*w**2 + 7*w - 6. Let o(r) = -5*r**2 + 6*r - 5. Let a be (1 - 2)/((-9)/63). Let m(g) = a*o(g) - 6*c(g). What is m(-1)?
-10
Let l(c) be the second derivative of c**4/12 - c**3/2 - 3*c**2 - 153*c. Calculate l(7).
22
Let l(d) = d**3 + 8*d**2 + 7*d - 4. Let r = 16 + -23. Let i be l(r). Let n(j) = 0 + 0 + 3*j - 4 - 5*j. Calculate n(i).
4
Let y be (6/45)/(1/10). Let x(n) be the first derivative of n**2 - 1/4*n**4 + y*n**3 - 3*n + 6. What is x(3)?
12
Let o(a) = -7*a + 2. Let b(s) = s**2 - s. Let f(g) = b(g) - o(g). Let p(m) = 4*m + 15. Let n be p(-5). What is f(n)?
-7
Let g(i) = i**3 - 8*i**2 - 13*i + 12. Suppose -38*p - 3*p + 369 = 0. Calculate g(p).
-24
Let r(f) = 4*f + 6. Let n = 150 - 293. Let w = 138 + n. Give r(w).
-14
Let r(c) = -c**2 - 7*c - 9. Let n = -41 + 83. Let q = n + -48. Determine r(q).
-3
Let l = -13 - -7. Let v(k) = k**3 - 7*k**2 + 3. Let y be v(7). Let c(h) = -2*h**2 + 7*h + 2. Let x(g) = -g**2 + g + 1. Let p(d) = y*x(d) - c(d). Give p(l).
-11
Suppose -6*n = -4*k - 22, 4*n + 12*k - 26 = 9*k. Let y(v) = -3*v - 4. Calculate y(n).
-19
Let x(g) = g + 1. Let o(j) = -6*j**3 - 2*j**2 - 2*j - 1. Let l be (-2)/3*(-12)/(-8). Let a be o(l). Suppose 3*n + a = 8*n. Determine x(n).
2
Let b(f) = f + 1. Let i be b(1). Let c(s) be the first derivative of 3*s**2/2 - 2*s + 351. Give c(i).
4
Let l(f) = f**2 + 7*f - 797. Let v be l(25). Let s(c) be the first derivative of -1 - 1/3*c**v + 3*c**2 + 4*c. What is s(7)?
-3
Suppose -231*t + 2 = -233*t. Let c(p) = 3*p - 1. Give c(t).
-4
Let b(y) be the first derivative of -y**2/2 + 2*y - 332. Let d(m) = m - 2. Let f be d(6). Suppose 5*s - f = s. Give b(s).
1
Let r(t) be the third derivative of t**7/2520 - t**6/240 + t**5/60 - t**4/3 - 8*t**2. Let h(n) be the second derivative of r(n). Calculate h(2).
0
Let l(r) be the third derivative of r**4/6 + 91*r**2. Determine l(1).
4
Let s(c) = c**3 + 6*c**2 - 8*c - 2. Let y be ((-36)/54)/(3/(126/4)). Determine s(y).
5
Let s(p) = p**3 + 6*p**2 + p + 7. Suppose 31*z - 20*z = -66. Give s(z).
1
Let z = -106/15 + 37/5. Let b(a) be the second derivative of -3*a**2 - z*a**3 + 4*a + 0. Give b(-6).
6
Let l(t) = t**3 + 5*t**2 - 6*t + 8. Let k(v) = 7*v**3 + 2*v**2 + 4*v + 3. Let h be k(-1). Give l(h).
8
Let s(d) = d - 6. Suppose 2*q - 4*v = 0, q + 107*v = 104*v. Determine s(q).
-6
Let l be 8/60 + (-206)/(-30). Suppose l*f = 4*f - 9. Let y(g) = -2*g**2 - 4*g - 2 - g + 0*g. What is y(f)?
-5
Let t = -8 + 13. Suppose 4*h = -3 - t. Let n(z) = 6*z**3 - 7*z**3 - z - 2 + 19*z**3 - 17*z**3. What is n(h)?
-8
Let r(m) = m**2 - 6*m + 3. Let x be r(4). Let w(u) be the third derivative of -u**4/12 - u**3/2 - 400*u**2. Determine w(x).
7
Let c(h) = -3*h + 7. Suppose -5*p - 43 = 3*g, -5*g - 39 = 5*p + 6. Let r be ((-4)/p)/(4/40). Give c(r).
-8
Let v(x) = 8*x - 18*x + 2*x - 1 + x + 10*x. Let q(t) = t**3 + 5*t**2 + 3*t + 2. Let a be q(-4). Determine v(a).
17
Let k(q) = q**3 - 11*q**2 - 12*q + 2. Let m be k(12). Let a(i) = -4*i 